*h = -4312, 2*h + 8 = 0. What are the prime factors of v?
2, 541
Suppose 2*f + 4*n = -2075 + 5605, 0 = -2*f - 3*n + 3527. What are the prime factors of f?
1759
Let w(c) = 5*c + 2. Let t = 0 + 3. Suppose -6 = -t*x + 3. List the prime factors of w(x).
17
Let u(h) = 5*h - 4. Let k be u(-5). Let i = -214 + 163. Let a = k - i. What are the prime factors of a?
2, 11
Let l(w) = 10*w + 2. Let q(k) = -6*k**3 - k - 8. Let r(m) = m**3 - m**2 + 1. Let n(p) = q(p) + 5*r(p). Let u be n(-5). List the prime factors of l(u).
2, 11
Let d(j) = 7*j**2 - 28*j + 13. What are the prime factors of d(22)?
5, 557
Let a = -19 + 22. Suppose 0 = a*b - 5*h - 50, -17 = 2*b - 3*b + 2*h. Suppose -b = -p - 0. What are the prime factors of p?
3, 5
Suppose 2*a - 28 = -2*a. Suppose -2 - 5 = -a*d. What are the prime factors of -4 - (-16*d + 0)?
2, 3
Let p = 1225 + -182. What are the prime factors of p?
7, 149
Let n be 2/(-1) - (-78)/6. Let r = 21 - n. Suppose -2*q - 5*k + r = -24, 0 = -3*q + 5*k + 1. List the prime factors of q.
7
Suppose 24 = -12*w + 15*w. Suppose -u - w = 2*r, r - 24 = 2*u + 3*r. Let c = 31 + u. What are the prime factors of c?
3, 5
List the prime factors of 3 + -5 - -7 - 749*-1.
2, 13, 29
Let p = -91 + 93. List the prime factors of (-5 - -6)*(120 + p/(-1)).
2, 59
Let n(b) = 2*b**3 - 2*b**2 - b - 2. Let p be n(2). Suppose 14*w = 11*w + 339. Suppose 5*h + i = w, p*h - 4*i = 67 + 33. List the prime factors of h.
23
Let n = -11 + 26. Suppose 0*b = 3*b - n, -5*b + 469 = 3*p. What are the prime factors of p?
2, 37
Suppose -7 + 1 = 2*n - 4*c, 5*c = 10. Suppose -3*g + o = -10, 4*o - n = -5. Suppose -g*m + 10 = -m. What are the prime factors of m?
5
Suppose -b = -3*q, 3*b - 7 = q + q. Suppose -5 = b*w - 20. Suppose 5*a + w*k - 130 = 0, -a + 5*k - 58 = -3*a. List the prime factors of a.
2, 3
What are the prime factors of ((-351)/(-2))/((-13)/(-26))?
3, 13
Suppose 6*t + 180 = 21*t. List the prime factors of t.
2, 3
Let o be ((-2)/3)/(6/(-27)). Let b = -44 - -51. Suppose -b*p + o*p = -44. What are the prime factors of p?
11
What are the prime factors of (-26340)/(-54) - (-2)/9?
2, 61
Let c be (-335)/10*2 - 3. List the prime factors of 6/(-21) + (-7090)/c.
101
Let j(w) = -51*w + 3. Let f(v) = -17*v + 1. Let o(t) = 8*f(t) - 3*j(t). What are the prime factors of o(1)?
2
Let k(s) = s**2 - 20*s - 185. List the prime factors of k(-36).
1831
Suppose -2*p - 2*a = -1294, 8 - 14 = 2*a. What are the prime factors of p?
2, 5, 13
Suppose 815 = 2*r + 3*b, -r - 2*b = -311 - 99. What are the prime factors of r?
2, 5
Let w be -3 - (-1 + -3) - -3. Suppose 2*q - 21 = -3*z, -w*q = -8*z + 3*z - 31. Let s = q - -21. What are the prime factors of s?
2, 3, 5
Let f be 4/(-22) - 1689/(-33). Let u = f + 23. What are the prime factors of u?
2, 37
Suppose -5*i - 5*w + 215 = 0, 31 = i - w - w. List the prime factors of (-13)/i + (-184)/(-3).
61
Let s(z) = -z**2 + 5*z - 3. Let w be s(2). Suppose 5*i = -w*b + 53, -4*i = -0*i - 3*b - 37. What are the prime factors of i?
2, 5
Let q(d) = 2*d. Let s be (-15)/(-21) + (-6)/(-21). Suppose s = -t + 11. List the prime factors of q(t).
2, 5
Let g = 155 - 157. What are the prime factors of (1/g)/(23/(-8326))?
181
Let w(q) = -q + 1. Let c be w(-4). Suppose -c*x - 3*k - k + 88 = 0, -4*k = -x + 32. What are the prime factors of x?
2, 5
Suppose -5*y + 15 = -0. Suppose 4*i + 2 = -y*c + 26, 3*i = 3*c - 3. Suppose -5*s = -5*w + 105, i*w - 4*s - 36 - 29 = 0. List the prime factors of w.
19
Suppose -18*z - 1069 = -19*z - 5*g, g = -2*z + 2129. List the prime factors of z.
2, 7, 19
Suppose 4*f + 3*a - 27 = 6*a, -2*f + a + 13 = 0. Suppose 0 = 8*v - f*v - 6. Suppose 0 = v*r - 3, -2*k + 7*k + 2*r - 347 = 0. List the prime factors of k.
3, 23
Let k(b) = -3*b**2 - 60*b + 86. Let x(d) = -d**2 - 20*d + 29. Let p(h) = 3*k(h) - 8*x(h). What are the prime factors of p(-18)?
2, 31
Let h be (-102)/4*(-24)/12. Let j = -95 + h. Let t = -22 - j. What are the prime factors of t?
2, 11
Suppose 15*z - 20 = 11*z. Suppose -2*b + 3*b - 192 = -5*t, 0 = -z*b + 5*t + 930. List the prime factors of b.
11, 17
Let h be 32/18 - 14/(-63). Let j be (3*2)/(h - 0). Let i = 36 - j. List the prime factors of i.
3, 11
Let g(t) = t**3 + 12*t**2 - 21*t - 33. List the prime factors of g(-13).
71
Suppose 70*x - 29*x - 235627 = 0. What are the prime factors of x?
7, 821
Suppose -5*v = l - 1045, -4*l - 344 = -4*v + 492. Let y = v + -47. List the prime factors of y.
2, 3
Let l be -24*(69/(-27))/(-1)*-3. List the prime factors of l/(8/4) + -1.
7, 13
Let n = 112 - 82. List the prime factors of n.
2, 3, 5
Suppose t + 3 = 2*t. Let j be -6*(0 + (-1)/t). List the prime factors of -1 - (j + 11*-3).
2, 3, 5
Let n = -34 - -34. Suppose 6*v - 57 - 21 = n. What are the prime factors of v?
13
Suppose 3*s + 656 + 673 = -3*g, 5*g = -s - 2195. Let r = g - -740. What are the prime factors of r?
2, 151
Let o be 76*(-18)/8*1. Let w = o - -307. List the prime factors of w.
2, 17
Suppose -5*r = p - 6*p - 30, r = -2*p + 6. Suppose -2*l = 5*k - 71, -r = -2*k + 5*l + 34. Let n = -12 + k. List the prime factors of n.
3
Let r(x) = x**3 + 3*x**2 + x + 4. Let q be r(0). Suppose -4*s - 4*n + 307 = -29, -q*s + 3*n + 322 = 0. List the prime factors of s.
2, 41
Let h = 631 + -158. What are the prime factors of h?
11, 43
Let f be 2 - -1*4/8*-2. List the prime factors of 1*1/(-2)*(-225 - f).
113
Let s(y) = 2*y**3 - 13*y**2 + 7*y - 6. Let p be s(6). Suppose m + 5*b - 276 = p, -1322 = -5*m - 3*b + 7*b. List the prime factors of m.
2, 7, 19
Let n(w) = -w**3 + 6*w**2 + 19*w + 6. What are the prime factors of n(-4)?
2, 3, 5
Let k(f) = -18*f - 4 - 2*f + 0*f. Let i(g) = 3*g + 9. Let n be i(-4). List the prime factors of k(n).
2, 7
Let t(d) = 345*d**2 - 6*d - 1. Let s(x) = -346*x**2 + 7*x + 1. Let g(u) = 5*s(u) + 6*t(u). List the prime factors of g(-1).
2, 5, 17
Suppose -5*b + 20460 = -5*r, 4*r - 1937 = -5*b + 18478. Suppose b - 122 = 13*p. What are the prime factors of p?
5, 61
Let x = -5 - -10. Suppose 4*w = -p - x, -3*w + w - p - 5 = 0. Suppose w = 2*b - 0*b - 36. What are the prime factors of b?
2, 3
Let d(c) = c**2 + 8*c - 3. Let l be d(-8). What are the prime factors of (l - (-152)/1) + (3 - 2)?
2, 3, 5
Suppose 2*o = k + 3, -4*o - 5*k = -0*o - 13. Let i be ((-6)/4)/((-72)/240). Suppose b + i*x - 77 = -3*b, o*b - 40 = -2*x. What are the prime factors of b?
23
Suppose j - t = -2*j + 3709, 0 = 2*j - t - 2472. List the prime factors of j.
1237
What are the prime factors of -64*(3 - (-34)/(-4))?
2, 11
Let w(d) = d**3 + 9*d**2 - 11*d + 13. Suppose 0 = -n - 12 - 1. Let h = n - -3. List the prime factors of w(h).
23
Let p(d) = 2*d + 14. Let k be p(-6). Suppose 2*f + 3 = 3*u, k*u - 18 = f - 5*f. Suppose -148 + u = -5*h. List the prime factors of h.
29
Let r be 6/4*((3 - 2) + 49). Suppose 4*a - r = -a. List the prime factors of a.
3, 5
Let q(x) = 86*x + 207. What are the prime factors of q(6)?
3, 241
List the prime factors of (-432)/1*(4 - 100/16).
2, 3
List the prime factors of 2388/(-10)*(-4)/((-56)/(-35)).
3, 199
Suppose -c = 5*q - 321, -194 = -4*q + q - 2*c. Suppose -p = p + q. What are the prime factors of -3 - (-1 + p + -1)?
31
Let f(k) = -32*k - 34. What are the prime factors of f(-7)?
2, 5, 19
Suppose 6*x = -0*x + 276. Let o = 47 + x. What are the prime factors of o?
3, 31
Let s(j) = 165*j - 6. Let r be s(2). Suppose r = -6*y + 10*y. List the prime factors of y.
3
Let n(f) = -6*f - 2 + 2*f**2 + 2*f + 4. Let b be n(2). Suppose 5 = b*u - 39. List the prime factors of u.
2, 11
Let g be (-1)/(1/(12 - 3)). Let u be (2 + -3)*(-7 - g). What are the prime factors of u - 3*(-4 - 21)?
73
Let m = -532 + 873. List the prime factors of m.
11, 31
Suppose -5*u - 2*a + 19 = 0, -a + 1 = 2*u + 2*a. Let o = u + 5. Suppose t + 29 = 2*m, -o = -3*m + 2*m + 5*t. What are the prime factors of m?
3, 5
Suppose -4 = -4*z + 4*g + 4, -4*z = 3*g - 36. Let t = -1 + z. Suppose 5*x - 95 = -a, -x + 4*a - 76 = -t*x. What are the prime factors of x?
19
Suppose -5*s + 2*h + 16 + 12 = 0, 0 = -s + 5*h + 24. Let b = s + 17. List the prime factors of 456/b + (-8)/(-28).
2, 11
Let c be (-15)/5*2/(-3). Suppose -c*u - 1 + 66 = t, 5*t = 2*u - 59. What are the prime factors of u?
2
Suppose 11*v - 24954 - 19035 = 0. List the prime factors of v.
3, 31, 43
Let y = -21 - -25. What are the prime fac